uppose -2*l = -2, n - 2*n - 4*l = j. Let t be (n/(-1) - (1 + 0)) + 15. What is the greatest common factor of t and 126?
18
Suppose -5*o + 288 = 11*o. Let w(p) = -41*p - 157. Let b be w(-5). What is the greatest common divisor of b and o?
6
Suppose -9*p = -4*p - 3*g - 89, 0 = -p - 2*g + 23. Let a = 38 - p. Let t be 2/3 + 55/3. What is the greatest common factor of t and a?
19
Suppose 0 = 3*y + 5*r - 5383, -7*r = -y + 1989 - 212. What is the greatest common divisor of 1393 and y?
199
Let n(r) = 20*r**2 - 34*r - 108. Let p be n(-3). What is the greatest common factor of p and 60?
6
Let p be ((-277)/2)/(47/188). Let m = -406 - p. Calculate the greatest common divisor of m and 111.
37
Suppose -8*g = 14*g - 110. Suppose -5*l = -20, 8*v - 52 = 4*v + 3*l. Let h = g + v. What is the greatest common factor of h and 7?
7
Suppose 5*g = 36 - 11, -90 = -4*l - 2*g. Suppose -42 = -c - l. Let f(x) = -x**2 - 20*x - 18. Let d be f(-14). Calculate the greatest common divisor of c and d.
22
Let a be 5180/24 - 1/(-6). Suppose 0*s + a = 3*s. Suppose -v - 274 = -283. Calculate the highest common factor of v and s.
9
Let q be (-22)/132*-5 + 313/6. What is the highest common factor of 5300 and q?
53
Let k be ((-152)/18)/((-6)/(-9))*(-72)/24. Suppose 0*t = -2*t. Suppose t = 5*a - 661 + 186. What is the greatest common factor of k and a?
19
Let a = -3515 + 3719. Calculate the highest common factor of a and 306.
102
Let b(r) = -3*r + 13. Let h be b(-7). What is the highest common factor of 23494 and h?
34
Let g(r) = -r**2 - 9*r + 24. Let f be g(-7). Suppose 202 = 4*l + l + p, l - f = p. Calculate the greatest common divisor of 10 and l.
10
Let y(f) = 86*f**2 + 89*f - 887. Let g be y(9). What is the highest common factor of 160 and g?
160
Let p = -59 + 88. Suppose 2*d - 6 = -r + p, -r + 5*d + 35 = 0. Suppose 4*v = 17 + r. Calculate the greatest common divisor of v and 91.
13
Suppose -94 = h - 308. Let i = h - 49. What is the highest common factor of i and 11?
11
Suppose -38*q + 2*m = -41*q + 6267, q - 5*m = 2123. What is the highest common factor of 5083 and q?
299
Let t(n) = 83*n - 60. Let d be t(10). Suppose -19*x + 1190 = -2*x. What is the greatest common factor of d and x?
70
Suppose -28 = 18*j - 19*j. Let c be (-3699)/(-12) - (j/16)/7. Calculate the highest common factor of 66 and c.
22
Let f(z) = 21*z**2 + 22*z + 2. Let j(x) = x**2 - 7*x + 8. Let q be j(2). Let u be f(q). What is the highest common divisor of u and 6?
6
Let i = 14 + 50. Suppose -4*b = -6*l + 7*l - 100, 4*l = -2*b + i. Calculate the highest common factor of b and 3.
3
Suppose -11*n = o - 7*n, 0 = o + 3*n - 4. Let p be (40/o - 2)/((-1)/(-120)). Calculate the greatest common divisor of p and 480.
60
Suppose -107768 - 110410 = -41*u - 10*u. What is the greatest common factor of u and 248?
62
Let q be (260/(-12))/(-5)*-6 + 0. Let l be (-1114)/q + (-2)/(-13). Suppose 60 = l*k - 38*k. Calculate the greatest common divisor of k and 12.
12
Suppose 7*s - 5*a = 3*s + 447, -3*s + 5*a + 339 = 0. Suppose 0 = 5*g + 4*x - 118, -g - 3*x - 53 = -92. Calculate the greatest common divisor of g and s.
18
Suppose -5*x = -9*m + 2566 - 337, -2*x = 6. Suppose -5*h - b = -414, 5*b - 344 = -4*h + b. Calculate the greatest common divisor of h and m.
82
Suppose 4*f - 60 = 4*z, f + 188 - 233 = -4*z. Let t(s) = s**2 - 3*s - 1. Let g be t(-2). Calculate the greatest common divisor of g and f.
3
Let n = 140 + 116. Suppose -101*h - n = -103*h. Calculate the greatest common divisor of 32 and h.
32
Let f = 151 + -113. Suppose -t - 2660 = -6*t. Suppose 3*a + t = 4*x, -2*x - a = -0*x - 266. Calculate the greatest common divisor of x and f.
19
Let b(u) = 6*u - 202. Let o be b(-17). Let m be (-114)/(-16) + 38/o. What is the greatest common divisor of m and 175?
7
Let l(b) = -b**3 - 23*b**2 - 29*b + 21. Let v be l(-22). Calculate the greatest common divisor of 8225 and v.
175
Let a be 1*(-2 - -28)/2. Let j(h) = 2*h + 1. Let d(m) = -49*m - 26. Let v(t) = -d(t) - 4*j(t). Let n be v(2). What is the highest common factor of n and a?
13
Let c = -1608 - -3176. Calculate the highest common divisor of 32 and c.
32
Suppose 2*m - 6 = 14. Let q(b) = -b**3 - 2*b**2 - 7*b - 2. Let r be q(-3). Suppose r = 13*o + 2. What is the greatest common divisor of o and m?
2
Suppose 802*t = 780*t + 4950. What is the greatest common divisor of t and 180?
45
Let h be -18*(1 + -2 + -2). Suppose -756 - 630 = -11*v. What is the greatest common factor of h and v?
18
Let m(p) = 49*p**3 + 6*p**2 - 55*p + 54. Let t be m(1). Calculate the greatest common divisor of t and 6777.
27
Suppose -560 = 273*t - 287*t. What is the greatest common divisor of 220 and t?
20
Let m(q) = -32*q + 8. Let w be m(-6). Let j = 128 - 28. Suppose j = 231*i - 227*i. Calculate the greatest common factor of i and w.
25
Suppose -50478 + 6329 = -49*w. What is the greatest common divisor of w and 371?
53
Let r(u) = u**3 - u**2 - 27*u + 3429. Let g be r(0). What is the greatest common divisor of 27 and g?
27
Let d(p) = 8*p**2 + 49*p + 19. Let x be d(-6). What is the highest common factor of 2561 and x?
13
Let k(g) = g**3 - 7*g**2 + 9*g + 21. Suppose 0 = 5*s + 6 - 36. Let j be k(s). Calculate the highest common factor of j and 26.
13
Let t(h) = 113*h - 2. Let a be t(2). Suppose 0 = -12*p - 4*p + a. What is the greatest common factor of 7 and p?
7
Let m be 6 + (-285)/45 - (105135/9)/(-5). What is the highest common factor of m and 96?
32
Let q(h) = -h**2 - 52*h + 138. Let m be q(-54). What is the greatest common divisor of 670 and m?
10
Suppose -7*b + 127 = 120. Let x be 44 - 36 - b*7. Calculate the highest common divisor of 43 and x.
1
Let l(x) = 203*x + 17. Let i be l(5). Suppose 3*t = i + 264. Calculate the highest common divisor of t and 48.
48
Let b be (-32)/96 + -2 + 32/6. Suppose 5*i = q + 1103, -128 = -i - b*q + 99. Calculate the highest common factor of i and 51.
17
Suppose -7 = -x - s, 15*s - 17*s - 7 = -5*x. Suppose -5*a = -5*u + 7 + 38, x*a + 7 = -u. What is the greatest common factor of u and 145?
5
Let i be ((-12)/10)/((-6)/20) + 29. Let c be ((-11)/(i/(-20)))/((-6)/(-18)). What is the highest common factor of 460 and c?
20
Let k be ((-16)/5 - -2)*-20. Suppose -2*z - 3*r + 77 = -78, 37 = z - 3*r. What is the greatest common factor of k and z?
8
Let h be 1 + 35/5 - -1. Let q(y) = 11*y - 303. Let z be q(39). Calculate the greatest common factor of h and z.
9
Let n = 190 + -184. Let b be (12/(-15))/(n/(-255)). Calculate the highest common factor of 4 and b.
2
Let i be 6/(3/2 + 0). Suppose -48*j = -49*j + 4*h + 52, 0 = -h - i. What is the greatest common divisor of j and 336?
12
Suppose 15 = 3*f + 5*g, g + 12 = -5*f + 5*g. Suppose -2*i + 216 = -7*m + 10*m, m + 3*i - 72 = f. What is the greatest common divisor of 90 and m?
18
Suppose 10*j - 4*d + 94 = 12*j, 3*j = d + 106. Let a be (5 + -1 - j/2)*-6. Calculate the greatest common factor of a and 9.
3
Suppose -2*r - 5*a + 45 = 0, 3*a + 20 = 23. What is the greatest common factor of 24 and r?
4
Suppose -417*u + 419*u + 17 = 5*f, 0 = -u - 3*f + 30. Suppose -3*v + 2*v + 171 = 0. Calculate the greatest common divisor of u and v.
9
Let z = 31616 + -18953. Calculate the greatest common divisor of 189 and z.
189
Let q(t) = 2*t**2 + 3*t + 4. Let n be q(-4). Suppose -l - 68 + 59 = 0. Let m = l + 15. What is the highest common factor of n and m?
6
Let d = 1228 + 2986. What is the greatest common factor of d and 490?
98
Let t(v) = -7*v + 2. Let w be t(-3). Let f = w + -15. Suppose -5*i + 85 = -235. What is the highest common factor of f and i?
8
Suppose -5*s - 158 = -0*k + 2*k, -237 = 3*k + 4*s. Let x = -51 - k. Let b be (-2)/(-4)*7/(x/312). What is the highest common divisor of b and 13?
13
Let z(y) = 25*y - 9. Let x be z(3). Let a = 915 - 909. What is the highest common divisor of a and x?
6
Suppose 12*z + 2*z = 5*z + 171. Let h be (16/(-6))/((-4)/114). What is the greatest common divisor of h and z?
19
Suppose -4*g = -5*h + 32, 0 = -h + g - 0 + 7. Let k = -2348 + 2356. Calculate the greatest common factor of k and h.
4
Suppose -5 - 17 = -5*d - b, 3*b + 19 = 2*d. Suppose v + 2*v = -6*f + 528, -d*f - 5*v = -430. What is the highest common divisor of 60 and f?
30
Let r(t) = 3*t**2 - 6*t + 21. Let n be r(4). Suppose -9 - 67 = -5*c - 2*a, n = 3*c + a. Suppo